9
What is the greatest common factor of 62 and 93?
31
Calculate the greatest common divisor of 793 and 26.
13
What is the highest common factor of 2940 and 70?
70
Calculate the greatest common divisor of 105 and 63.
21
Calculate the highest common factor of 248 and 31.
31
What is the highest common divisor of 106 and 2?
2
Calculate the highest common divisor of 629 and 37.
37
Calculate the greatest common factor of 327 and 436.
109
Calculate the highest common divisor of 68 and 34.
34
What is the greatest common divisor of 366 and 6?
6
What is the greatest common factor of 27 and 1158?
3
What is the highest common factor of 32 and 376?
8
Calculate the greatest common factor of 832 and 182.
26
What is the highest common factor of 1664 and 884?
52
What is the greatest common divisor of 6 and 165?
3
Calculate the highest common factor of 49 and 18228.
49
What is the highest common divisor of 3791 and 17?
17
Calculate the highest common factor of 385 and 88.
11
What is the greatest common divisor of 189 and 27?
27
Calculate the greatest common factor of 1330 and 210.
70
Calculate the highest common divisor of 56 and 7.
7
Calculate the greatest common divisor of 65 and 559.
13
Calculate the greatest common factor of 2 and 561.
1
Calculate the highest common factor of 2112 and 18.
6
What is the greatest common divisor of 126 and 486?
18
What is the greatest common factor of 39 and 363?
3
Calculate the highest common factor of 9017 and 71.
71
Calculate the highest common factor of 30 and 1230.
30
What is the highest common divisor of 5310 and 690?
30
What is the greatest common divisor of 365 and 5?
5
What is the greatest common factor of 68 and 17?
17
Calculate the highest common divisor of 729 and 405.
81
What is the greatest common factor of 183 and 244?
61
Calculate the greatest common divisor of 351 and 585.
117
What is the greatest common factor of 11535 and 15?
15
Calculate the highest common factor of 190 and 20.
10
What is the highest common divisor of 6 and 183?
3
Calculate the greatest common factor of 12 and 6252.
12
Calculate the greatest common factor of 4 and 76.
4
Calculate the greatest common divisor of 363 and 2057.
121
What is the greatest common divisor of 689 and 10229?
53
What is the greatest common divisor of 13689 and 162?
81
Calculate the highest common divisor of 555 and 15.
15
Calculate the greatest common divisor of 15 and 25575.
15
What is the highest common factor of 57 and 1786?
19
Calculate the greatest common factor of 86 and 1462.
86
What is the highest common factor of 81 and 738?
9
What is the highest common factor of 129 and 2064?
129
What is the greatest common divisor of 34 and 425?
17
What is the highest common factor of 105 and 280?
35
Calculate the greatest common factor of 132 and 594.
66
What is the highest common factor of 6420 and 120?
60
What is the highest common factor of 36 and 171?
9
What is the greatest common divisor of 41 and 97662?
41
What is the highest common factor of 58 and 16?
2
What is the highest common divisor of 58 and 9454?
58
Calculate the highest common divisor of 16 and 3592.
8
Calculate the greatest common factor of 220 and 160.
20
Calculate the highest common divisor of 2 and 338.
2
Calculate the highest common divisor of 19 and 4807.
19
Calculate the highest common divisor of 216 and 81.
27
Calculate the greatest common factor of 40 and 350.
10
Calculate the highest common factor of 979 and 33.
11
What is the greatest common divisor of 340 and 3230?
170
What is the highest common factor of 686 and 28?
14
What is the greatest common divisor of 10 and 26?
2
What is the highest common divisor of 9 and 23?
1
Calculate the highest common divisor of 1066 and 82.
82
Calculate the greatest common divisor of 6174 and 9.
9
Calculate the highest common divisor of 3220 and 168.
28
What is the highest common divisor of 3346 and 42?
14
What is the greatest common divisor of 31 and 22661?
31
What is the highest common divisor of 105 and 987?
21
Calculate the greatest common divisor of 7398 and 1096.
274
What is the highest common divisor of 203 and 145?
29
What is the highest common factor of 75 and 720?
15
What is the greatest common divisor of 133 and 7?
7
Calculate the highest common factor of 5115 and 660.
165
What is the greatest common factor of 1152 and 300?
12
What is the highest common factor of 1414 and 606?
202
Calculate the greatest common factor of 46900 and 28.
28
What is the greatest common factor of 480 and 3720?
120
What is the greatest common divisor of 30 and 250?
10
Calculate the highest common divisor of 48 and 400.
16
Calculate the greatest common factor of 14 and 3962.
14
What is the highest common factor of 33 and 12?
3
Calculate the highest common divisor of 1161 and 27.
27
What is the highest common divisor of 88 and 77?
11
Calculate the highest common factor of 182 and 854.
14
What is the highest common factor of 8 and 64?
8
Calculate the greatest common factor of 18 and 1854.
18
What is the highest common factor of 39 and 1533?
3
What is the greatest common divisor of 52 and 442?
26
What is the greatest common factor of 48 and 32?
16
Calculate the greatest common factor of 45 and 35.
5
What is the greatest common factor of 140 and 686?
14
What is the greatest common factor of 3374 and 28?
14
Calculate the highest common divisor of 345 and 45.
15
What is the highest common factor of 56 and 1124?
4
What is the greatest common divisor of 834 and 12?
6
What is the greatest common divisor of 154 and 6336?
22
Calculate the highest common factor of 17842 and 22.
22
What is the greatest common divisor of 715 and 1287?
143
What is the greatest common divisor of 74 and 3071?
37
What is the greatest common divisor of 532 and 152?
76
What is the highest common divisor of 6148 and 116?
116
What is the greatest common divisor of 50 and 650?
50
What is the greatest common factor of 12816 and 288?
144
What is the greatest common factor of 32 and 9936?
16
Calculate the highest common factor of 16 and 1688.
8
What is the greatest common divisor of 129 and 1591?
43
What is the greatest common factor of 17429 and 29?
29
What is the highest common factor of 66 and 209?
11
Calculate the highest common divisor of 112 and 176.
16
What is the highest common divisor of 26 and 702?
26
What is the greatest common factor of 252 and 154?
14
What is the highest common factor of 142 and 781?
71
Calculate the highest common factor of 2700 and 24.
12
What is the highest common divisor of 29 and 11629?
29
What is the greatest common divisor of 64 and 1168?
16
What is the highest common factor of 22 and 67342?
22
Calculate the highest common factor of 322 and 207.
23
What is the highest common factor of 54 and 11988?
54
What is the highest common factor of 518 and 2212?
14
What is the highest common divisor of 750 and 138?
6
Calculate the greatest common divisor of 203 and 58.
29
Calculate the highest common factor of 1053 and 234.
117
Calculate the greatest common divisor of 32 and 100.
4
What is the greatest common factor of 6647 and 46?
23
Calculate the highest common divisor of 1443 and 117.
39
Calculate the greatest common divisor of 17149 and 11.
11
What is the highest common divisor of 204 and 561?
51
What is the highest common factor of 645 and 5418?
129
What is the highest common divisor of 380 and 20?
20
Calculate the highest common factor of 29 and 1073.
29
Calculate the greatest common factor of 37 and 407.
37
Calculate the highest common factor of 12 and 20712.
12
Calculate the greatest common factor of 3129 and 21.
21
Calculate the greatest common factor of 118 and 295.
59
Calculate the greatest common factor of 396 and 48.
12
What is the highest common factor of 483 and 42?
21
Calculate the highest common factor of 6 and 411.
3
What is the highest common factor of 86 and 14448?
86
Calculate the highest common divisor of 186 and 2697.
93
Calculate the highest common divisor of 4171 and 43.
43
What is the highest common divisor of 273 and 767?
13
Calculate the highest common factor of 48 and 168.
24
What is the greatest common factor of 102 and 12?
6
What is the greatest common divisor of 10 and 190?
10
Calculate the highest common divisor of 40 and 470.
10
Calculate the highest common